s the greatest common divisor of r and k?
16
Let h be (-12)/12*210/(-2). Calculate the highest common divisor of h and 42.
21
Let i(v) = v**3 + 4*v**2 - 21*v + 17. Let p be i(-7). Suppose -111 - 93 = -3*o. What is the highest common factor of p and o?
17
Suppose 0 = 3*q + q - 116. Suppose -3*i - 17 = -4*a, -4*i = -5*a - 7 + q. Let c be 12*(-1 + 9/6). Calculate the highest common factor of c and a.
2
Let z(i) = -4*i**3 + i**2 + i + 2. Let q be -3 - 0 - (3 + -4). Let o be z(q). Calculate the greatest common factor of 6 and o.
6
Let y(f) = -f - 11. Let v(g) = g**2 + 6*g + 2. Let d be v(-4). Let j be y(d). Let o be (18/j)/(4/(-20)). Calculate the highest common factor of o and 162.
18
Let t = -146 - -421. Let y = t - 47. Let p = -156 + y. Calculate the greatest common divisor of p and 18.
18
Let p be -2 + 3 - (0 + -1). Suppose 3*k - 57 = 3*z, -p*z + 23 = k - 7*z. What is the highest common divisor of k and 2?
2
Suppose x - 95 = -x - 3*m, -4*x + 5*m = -245. Let v be 146/14 + (-4)/(-7). What is the highest common divisor of v and x?
11
Let f(a) = a**3 + 14*a**2 - 7*a + 17. Let j be 2/13 - 2208/156. Let n be f(j). What is the highest common divisor of n and 23?
23
Let j be 0 - (-4)/(1 - 0). Calculate the highest common divisor of j and 20.
4
Suppose -3*l - 116 + 22 = 5*w, -4*w + l - 82 = 0. Let n be ((-4)/8)/(2/w). What is the highest common divisor of n and 5?
5
Suppose -g = -10 - 9. Suppose 8*p - 9*p + 76 = 0. What is the highest common factor of g and p?
19
Suppose 0 = n - 5 - 2. Let a be (45/30)/(6/28). What is the highest common divisor of a and n?
7
Let w(d) = d**2 - 5*d + 7. Let g be w(7). Let o = -87 - -150. Calculate the highest common factor of o and g.
21
Let s = 4 - 1. Let g be 3/12 - 7/(-4). Let o be (1/g)/(2/60). What is the highest common factor of s and o?
3
Let p(w) = 2*w**2 + 3*w**2 - 14*w + 11 - 3*w**2 - w**2. Let u be p(15). What is the highest common factor of u and 104?
26
Let f be -3 + (3 - 2) + (5 - -2). What is the greatest common factor of 25 and f?
5
Suppose 3*o + 5*x + 27 = 6*o, -4*o - 3*x + 7 = 0. Calculate the highest common factor of o and 36.
4
Let w = -66 + 116. Suppose -2*i = -4*i + w. Calculate the highest common factor of i and 5.
5
Let t = 481 + -469. Let i = 211 + -127. Calculate the highest common divisor of i and t.
12
Let z(l) = 2*l**2 + 8*l + 3. Let s be z(-5). Calculate the greatest common factor of 52 and s.
13
Suppose -4*z + 12 = 28. Let d = z - -6. Suppose v + d*v - 5*l = 2, 8 = 4*v - 4*l. Calculate the greatest common factor of v and 6.
2
Suppose -3*f + 282 = -3*a, 0 = a - 2*a + 3. Suppose -f - 3 = -4*c. What is the greatest common divisor of 225 and c?
25
Suppose -63 + 19 = -4*d. Let r = d - 5. Let q = 1 + r. What is the highest common factor of 56 and q?
7
Let v(h) = -h**2 + 0*h + 2 + 6*h - 1 + 1. Let k be v(3). What is the highest common factor of k and 44?
11
Let l be (24/16)/((-6)/(-80)). What is the highest common factor of l and 30?
10
Suppose i - 12 = 3*c, 1 = -3*i - 3*c - 23. Let z(a) = 1 - 7*a + 6*a**2 + 7*a. Let w be z(i). What is the highest common factor of w and 22?
11
Let z be ((-2)/6)/(1/(-12)). Let h = z - 4. Suppose h = 5*v + 23 - 198. What is the greatest common factor of v and 5?
5
Suppose 0*k = -7*k + 70. What is the greatest common divisor of k and 25?
5
Suppose 3 + 3 = -2*g. Let b(s) = -3*s. Let a(m) = -m. Let c(n) = -2*a(n) + b(n). Let p be c(g). Calculate the highest common divisor of 12 and p.
3
Let k(o) = 2*o + 7. Let l be k(0). Suppose 0 = l*y - 6*y - 34. What is the highest common factor of y and 17?
17
Let r(c) = c + 10. Let f be r(-8). Suppose 5*y + 88 = -f. Let l be 328/18 - (-4)/y. Calculate the greatest common factor of l and 198.
18
Let l(p) = 0*p + p + 4 + 1. Let r be l(5). Let u be 131/2 + (-5)/r. What is the highest common divisor of u and 26?
13
Suppose -g + 9 = 4. Suppose -v + 48 = -0*b + g*b, b - 2*v = 3. What is the greatest common divisor of b and 72?
9
Let t be 2 + (21 - -3) + 2. Suppose 2*k + h - t = 4*h, 0 = -2*k + 5*h + 32. Calculate the greatest common divisor of 88 and k.
11
Let q(u) = -9*u - 10. Let a be q(-4). Suppose 5*h + 64 = 454. What is the greatest common factor of a and h?
26
Let a(y) = 4*y - 7. Let r be a(6). Calculate the greatest common divisor of r and 170.
17
Suppose -17*w - 60 = -18*w. Calculate the highest common factor of 15 and w.
15
Suppose -2*z = -4 - 108. Suppose 2*t = 3*t - 7. Calculate the highest common divisor of t and z.
7
Suppose -62 = -3*d + 22. Let n be ((-14)/3)/(2/(-3)). Calculate the greatest common factor of d and n.
7
Let q be 20/130 - 1766/(-13). Let u = 12 - -5. Calculate the highest common divisor of u and q.
17
Let y(v) = 3*v + 7. Let w = -8 + 16. Let k be y(w). Suppose -31 = -2*h - 5*s, -h - 4*s + k = 8. Calculate the greatest common divisor of 33 and h.
3
Let l(k) = -k**2 - 15*k + 33. Let s be l(-16). Calculate the greatest common factor of 17 and s.
17
Let h = 64 - 2. Suppose -28 - 53 = -5*v - s, -h = -4*v + 2*s. What is the greatest common factor of v and 8?
8
Suppose 5*q = -0*q - 80. Let g be ((-12)/(-16))/((-2)/q). Let p be (-2)/g + 13/3. Calculate the highest common divisor of 1 and p.
1
Suppose l = 2*z - 331, -z + 74 + 93 = -l. Suppose 2*a + 0*a - v = z, 2*v - 92 = -a. What is the greatest common divisor of a and 12?
12
Let y(h) = -h**2 + 7*h - 5. Let d = 11 - 6. Let v be y(d). Suppose -v*w + 808 = 3*r - 2*r, w + 4*r = 154. Calculate the greatest common divisor of w and 18.
18
Let a be 4/(-18) - (-561)/(-27). Let l = a - -66. What is the greatest common factor of l and 30?
15
Let s be (78/(-65))/(4/(-10)). Suppose 0 = -f - s*c + 19, -3*f + f - 5*c + 35 = 0. What is the greatest common divisor of 70 and f?
10
Let n(x) be the third derivative of 2/15*x**5 + 2*x**2 + 0 - 1/12*x**4 + 0*x + 1/3*x**3. Let f be n(2). What is the highest common divisor of f and 20?
10
Let y = -11 - -39. What is the greatest common factor of 7 and y?
7
Let q(z) = -6*z + 23. Let n be q(-4). Calculate the highest common divisor of n and 376.
47
Let s = -12 + 14. Suppose 0 = -p + s + 8. What is the greatest common divisor of 20 and p?
10
Suppose b = -b - 2*j - 12, -2*j = -3*b + 7. Let l be 18 - ((-2)/b - 0). Calculate the highest common divisor of 32 and l.
16
Let d(t) = -t**2 + 7*t + 9. Let a(o) = o**2 - o + 8. Let n be a(0). Let l be d(n). Calculate the highest common divisor of l and 9.
1
Let t be (-1 + -1)/1 + 377/13. Calculate the greatest common divisor of 243 and t.
27
Suppose 3*o - 812 = -o. Calculate the greatest common factor of 29 and o.
29
Suppose 7*i = 2*i - 4*j + 100, 0 = -4*j - 20. Suppose 0*z - i = -3*z. Let n = 70 - 66. Calculate the highest common divisor of z and n.
4
Suppose 2*l = 83 + 175. Let t be l/3 - (-1 + -1). Let q = 13 + 5. Calculate the greatest common divisor of q and t.
9
Let a = -7 - -7. Suppose -3*u = -p - a*u + 15, -4*p + 4*u = -100. What is the greatest common divisor of 75 and p?
15
Let k be 2*1*(2 + -3). Let z be 130 + (0/k)/(-2). Let p = -187 + 239. Calculate the highest common factor of p and z.
26
Suppose -7*a + 12 = -4*a. Suppose u - 105 = -a*u. Suppose 0 = -3*n + 34 + 8. What is the highest common factor of n and u?
7
Let r(f) = -5*f - 4. Let h be r(-6). What is the greatest common factor of h and 182?
26
Suppose -3*b - 10 = -4*m, 0 = -5*m + 5*b + 15 - 5. Let w(p) = p - 7. Let a be w(8). Let n = m + a. What is the greatest common divisor of 2 and n?
1
Let w(r) = -r**2 + 10*r + 5. Let v be w(9). What is the highest common divisor of v and 154?
14
Let r = 417 - 241. Calculate the highest common factor of 16 and r.
16
Let l be 4*((-18)/2)/(-3). Let k be (-3 - (3 + l))/(-2). Calculate the greatest common divisor of 63 and k.
9
Let k(b) = 4*b + 9. Let p be k(-6). Let r = -38 - -20. Let v be (-2 - r/p)*-5. Calculate the greatest common factor of v and 2.
2
Let a = -6 + 8. Suppose 4*h - 23 = -m, -m - 3*m = a*h - 22. Suppose h*i + 0*i = 240. Calculate the highest common factor of 12 and i.
12
Let o(s) = -1 - 2*s + 0*s**2 + 4 + s**2. Let p be o(2). Suppose 0 = p*y - y - 28. Calculate the greatest common divisor of y and 14.
14
Let c = -7 - 7. Let v = c + 17. What is the greatest common divisor of 3 and v?
3
Suppose -5*y + 480 = 3*y. What is the highest common divisor of 15 and y?
15
Suppose -n + 10 = -